a + 191 - 89 = 0. Give p(a).
-136
Let y = -181 - -184. Suppose -y*j - 17 = -26. Let u(r) = r**3 - 4*r**2 + 4*r - 2. Calculate u(j).
1
Let i = 865 + -893. Let m be (-1)/(-7 + (-203)/i). Let d(p) = -p**3 - 4*p**2 - 3*p - 7. What is d(m)?
5
Let y(r) = 11*r + 53. Suppose -32*h + 51 = -47*h - 24. Give y(h).
-2
Let h(a) = -2*a**3 - 3*a**2 + 3*a. Let t(n) = -9*n + 0 + 6*n - 7 + 7*n. Let y be t(1). What is h(y)?
18
Let l(y) be the first derivative of y**4/4 + 2*y**3 - 5*y**2/2 + 2*y + 6484. Calculate l(-7).
-12
Let j(c) = 66*c - 120. Let o(s) = 5*s - 9. Let a(f) = 2*j(f) - 27*o(f). What is a(5)?
-12
Let b(l) = -l**2 + 7*l + 5. Let h = -11 - -18. Let y be (h - -3)*(-5)/(-10). Suppose 9*n = y*n + 28. Give b(n).
5
Suppose 3*i + 4 = -z, 6*z - z = 2*i - 3. Let b(c) be the first derivative of -2*c - 12 - 1/2*c**2. Give b(i).
-1
Let q be (2/3)/((-154)/(-3234)). Let w(f) = -4*f**2 + 55*f + 11. Calculate w(q).
-3
Let m(p) = p**3 - 25*p**2 + 44*p + 52. Let n be m(23). Let f(k) = n*k + 6 - 2 + 7 - 7*k. Calculate f(-8).
19
Let f(x) = 7 + x**2 - 4*x**2 + 4*x**2 - 18*x. Let c be f(17). Let o(s) = -2*s - 23. Let b be o(c). Let q(p) = 2*p - 3. What is q(b)?
-9
Let o(r) = -38*r**2 + 27*r + 13. Let x(l) = 4*l**2 - 2*l - 2. Let a(s) = o(s) + 10*x(s). Determine a(6).
107
Let m(j) = 16 - 21 - 9*j**2 - 4*j + j**3 - 5*j. Let r(h) = 16*h + 330. Let q be r(-20). What is m(q)?
5
Suppose 12*s - 21*s + 36 = 0. Let c(x) = 2580*x**3 - 2581*x**3 + s + 6*x**2 + 2*x - 2*x - 7*x. Determine c(5).
-6
Let f(i) be the third derivative of i**4/24 + 17*i**3/6 + i**2 - 46*i. Let n be f(-19). Let b(k) = 5*k + 5. Calculate b(n).
-5
Let z(p) = p**3 - 9*p**2 - 10*p + 6. Suppose 0 = x - 21 + 11. Let f be z(x). Suppose 9*s - 7*s - f = 0. Let k(r) = r**2 - 4*r + 1. Determine k(s).
-2
Let k(s) be the first derivative of -1/4*s**4 - 5*s + 2*s**2 + 4/3*s**3 - 15. Let c = -79 + 84. What is k(c)?
-10
Let g(t) be the second derivative of -t**4/12 + 2*t**3 + 4*t**2 + t. Let p be 12 + -2 + 1 - (7 + 30 - 39). Determine g(p).
-5
Let q(j) = 849*j - 7640. Let w be q(9). Let z(v) = -2*v**3 - v**2 - 14*v + 16. Determine z(w).
-1
Let x(q) be the second derivative of -q**5/20 + 2*q**4/3 + 8*q**3 - 17*q**2/2 - 295*q. Give x(12).
-17
Let d(q) = -4*q + 51. Let y be d(11). Let x(u) = u**2 + 77*u - 172*u + 87*u + 9. What is x(y)?
2
Let j(i) = -i + 4. Let o be (-4)/(-26) + 774/39. Suppose -5*h + o = -h. Determine j(h).
-1
Let n be 7/1 + 0/3. Suppose 0 = -10*u + 12*u - 12. Let d(g) = -23*g**3 + 18*g**3 - 4 + u*g**3 - 8*g**2 + 9*g. Give d(n).
10
Let m(h) be the second derivative of h**3/6 - 2*h**2 + 7*h. Let c(x) = 4 - 4 + 4 - 5. Let d(s) = c(s) + m(s). Calculate d(6).
1
Suppose -2*i = r - 7, 3*r = -4*i + i + 15. Let c(d) = -72 + d - d**3 + 3*d**2 + 66 + r*d. Suppose 14 = 7*w - 14. What is c(w)?
-6
Let u(i) = -6*i - 17. Let b = -13380 + 13376. Give u(b).
7
Let h = 29787 - 29784. Let u(k) = 7*k + 8. Let v(o) = -3*o - 4. Let i(f) = 4*u(f) + 9*v(f). Calculate i(h).
-1
Let o(g) = -13*g - 9 + 0*g**3 + 9*g**2 - g**3 - 8*g**2 + g**2 + 6*g**2. Calculate o(5).
1
Suppose -5*r + 8*v - 5 = 13*v, -5*r + 4*v - 50 = 0. Let f(b) = 3*b**2 + 20*b + 15. What is f(r)?
3
Let y(a) = a**2 - 7*a. Suppose 7*o + 34 + 8 = 0. Let j(w) = -12*w - 63. Let f be j(o). Calculate y(f).
18
Suppose a = -20*a + 126. Let d(h) = 8*h - a + 7*h + 12 - 4. Determine d(-2).
-28
Suppose -i + 9 = -3*x, 5*i - 67 = 14*x - 10*x. Let w(l) = 33 + 0 + i*l - 31. Determine w(-2).
-28
Let x = 40 - 54. Let p = x - -19. Let z(t) be the third derivative of -t**4/12 + 2*t**3/3 + 80*t**2. What is z(p)?
-6
Let p(k) = 2*k + 28. Let v be p(-14). Let x(q) = 24592 - 24579 - q + v*q. What is x(13)?
0
Let s(l) = -2*l**3 + 54*l**2 + 57*l - 31. Let o be s(28). Let h(x) = -2*x**3 - 3*x**2 - 12*x - 18. Give h(o).
45
Let j(z) = 9*z - 5. Let p(q) = 5*q - 3. Let a(w) = -4*j(w) + 7*p(w). Let v be a(-6). Suppose 5*u = -v*u. Let m(l) = l - 17. Give m(u).
-17
Let l(s) = -s**2 + 15*s + 76. Suppose -y + 6 = 2*m, m - 17 = y - 8. Calculate l(y).
0
Let g(a) = 3*a - 50. Let p be g(20). Let x(l) = p*l + 353 - l**2 - 185 - 172. Give x(9).
5
Let w = -58 + 55. Let c be (-3 + 25/5)/(2 - 1). Let o(t) = -t**2 + 1 - 2*t - t - t**c. Determine o(w).
-8
Let k be (1068/(-178))/((-4)/(-6)). Let j(m) = -5*m - 55. Determine j(k).
-10
Suppose 25*v = -9224 + 9324. Let a(m) = -m**2 + 8*m. What is a(v)?
16
Let v be ((-4)/6)/(26/(-39))*113. Let z = v - 102. Let l(r) = -11*r - 21*r + r**2 + 63*r - 22*r - z. Determine l(-10).
-1
Let r(o) = o**3 + 3*o**2 - 4*o + 5. Let y be r(-4). Let b(h) be the third derivative of -27*h - 7/6*h**3 - h**2 + 1/24*h**4 + 0. What is b(y)?
-2
Let y be (-6)/7*(-343)/98. Let n(b) = 2*b**2 + 11*b - 43. Give n(y).
8
Let s = 638 - 638. Let d(f) = f**3 - 3*f**2 + 7*f + 2. Calculate d(s).
2
Suppose 7 = 3*q + 5*r + 13, -5*q + 21 = -2*r. Let p(v) = -v**3 + 6*v**2 - 25*v + 51. What is p(q)?
3
Let f(d) = d**3 - 31*d**2 - 62*d - 127. Suppose 110*t - 2134 - 3045 + 1549 = 0. Calculate f(t).
5
Let g(d) = -d**3 + 33*d**2 + 152*d - 143. Let w be g(37). Let n(m) be the third derivative of 0*m - 1/6*m**3 + 0 - 15*m**2 + 1/60*m**w - 7/24*m**4. Give n(7).
-1
Let u be 902/55 - (-2)/(-5). Suppose 0 = 4*m - l - 29, 2*m - 5*l = 3 + u. Let r(c) = c**3 - 6*c**2 - 8*c + 7. Calculate r(m).
0
Let r(n) = -n**3 + n**2 + 6. Let u be r(0). Suppose -47*k + 112209 + 77812 = 0. Let w(x) = x**2 - k + 5*x - 8*x**2 + 4045 + x**3. Calculate w(u).
-4
Let b = 6579 - 6586. Let h(l) = 7*l + 43. What is h(b)?
-6
Let f(c) = 11*c**2 + 2*c - 2. Let t be f(2). Let a be (-1*15/4)/(t/(-368)). Let w be 1/5 - ((-6)/a)/(-1). Let q(k) = -k**2 + k - 3. Give q(w).
-3
Let i(p) be the second derivative of -1/12*p**4 - 2/3*p**3 - 5*p - 3/2*p**2 + 0. Suppose -5*c - 5 = 5*x, 9 - 24 = 3*c - x. Give i(c).
-3
Let i(s) = 4*s + 22. Let p(f) = -f**3 - 22*f**2 + 25*f + 50. Let n be p(-23). Suppose -3*c = n*a + 28, -5*a - c = 2*c + 32. Give i(a).
6
Let v = -5245 - -5238. Let f(a) = -2*a - 41. Give f(v).
-27
Suppose -244*s = -226*s - 72. Let r(l) = l**3 + l**2 - 3*l - 5. Determine r(s).
63
Suppose -5*r - x = 229, -r - 3*x - 48 = -5. Let i be (3 + 1)/(6/75). Let j = i + r. Let m(s) = -s**3 + 3*s**2. Calculate m(j).
-16
Let d(v) be the first derivative of -12*v**2 - 96*v + 8805. Determine d(-4).
0
Let a(j) = j + 10. Suppose -3 + 4 = i. Let s be ((-54)/45)/(i/(-15)). Suppose -34 = 2*p + 5*k, 5*p + 33 = -4*k - s. Give a(p).
3
Let x(s) be the third derivative of s**5/60 - 5*s**4/8 + s**3/3 - 2*s**2. Let c be x(15). Let h(i) = 3 + 7*i - 6*i - c*i. Calculate h(7).
-4
Let a(b) = 2*b**2 + 11*b + 6. Let j be a(-6). Let m be ((-28)/6)/((-8)/j). Suppose 0 = q - m*q + 36. Let w(p) = p**2 - 7*p + 4. Determine w(q).
-2
Let g(a) = -4*a**2 - 8*a - 6. Let x(w) be the third derivative of w**5/20 + w**4/3 + 7*w**3/6 + 41*w**2. Let d(i) = -2*g(i) - 3*x(i). What is d(-6)?
3
Let n(t) = -2*t + 2*t - 5*t + 4*t + 0*t - 10. Suppose 0 = -3*v - 29 - 7. Give n(v).
2
Let n(y) = 25*y + 10. Let k(i) = 46*i + 17. Let j(t) = -6*k(t) + 11*n(t). Let v(b) = b - 14. Let o be v(20). Determine j(o).
2
Let y(o) = -o**3 + o**2 + 2*o + 1. Let x be y(-2). Let l(q) = -36*q + 18*q + 0 - 14 + 19*q - 3. Give l(x).
-8
Let i(s) = -s**2 + 8*s + 4. Let k be (16/32)/(2/20). Suppose -k*p = -13 + 43. Let v be (-325)/(-39) - 4/p. Determine i(v).
-5
Let f(k) = k**2 + 3*k - 3. Let s be f(-5). Let q(p) be the first derivative of -p**3/3 + 4*p**2 + 8*p - 105. Give q(s).
15
Suppose -4*v + 62 + 30 = -4*q, -5*q - 2*v - 31 = 0. Let o(u) = -13 - 2*u + 0 - u**3 - 13 - 11*u**2. Determine o(q).
-4
Let l(o) be the third derivative of -o**6/120 + o**5/20 + 5*o**4/24 - o**3/3 + 1045*o**2. Give l(4).
2
Let t(s) = 9*s + 36. Let u = -3870 + 3862. What is t(u)?
-36
Let o(h) be the second derivative of -h**5/20 + 3*h**4/2 + h**3/3 - 25*h**2/2 + 58328*h. Let w = 43 - 25. What is o(w)?
11
Let k(s) = 5*s**3 - 13*s**2 + 31*s + 18. Let z(n) = -4*n**3 + 11*n**2 - 30*n - 20. Let h(u) = 5*k(u) + 6*z(u). Give h(-5).
-5
Let g(w) be the third derivative of -w**5/60 + 17*w**4/24 - 20*w**3/3 - w**2 - 626. What is g(14)?
2
Suppose 58*u - 84 = 30*u. Let d(r) be the first derivative of -1/4*r**4 + r**2 + 10 + r + r**u. Give d(4).
-7
Let q(j) = -j**2 - 8*j + 4. Suppose -6*o = -359 - 37. Let h = o - 78. Let r be 18/(-2) - (h + 11). Give q(r).
4
Suppose -y 